{"id":3459,"date":"2018-01-30T15:06:40","date_gmt":"2018-01-30T14:06:40","guid":{"rendered":"https:\/\/vbw.entwicklung-mediengewerk.de\/?page_id=3459"},"modified":"2025-03-11T01:24:00","modified_gmt":"2025-03-11T00:24:00","slug":"przeglad-budynkow","status":"publish","type":"page","link":"https:\/\/www.klarenthal-vbw.de\/pl\/stowarzyszenie\/gdzie-mozna-nas-znalezc\/przeglad-budynkow\/","title":{"rendered":"Przegl\u0105d budynk\u00f3w"},"content":{"rendered":"<div class=\"hauptseite\">\n <div class=\"hauptseite_kurse\">\n<!-- ND221A-->\r\n\r\n<div class=\"alert alert-info\">\r\n\tKeine Geb&auml;ude zu den Kursen der Kategorie  gefunden.\r\n<\/div>\r\n\r\n<!-- ND221E --> <\/div>\n\n<\/div>\n\n","protected":false},"excerpt":{"rendered":"","protected":false},"author":2,"featured_media":0,"parent":3504,"menu_order":0,"comment_status":"closed","ping_status":"closed","template":"","meta":{"_acf_changed":false,"footnotes":""},"categories":[],"tags":[],"folder":[13],"class_list":["post-3459","page","type-page","status-publish","hentry"],"acf":[],"yoast_head":"<!-- This site is optimized with the Yoast SEO plugin v27.5 - https:\/\/yoast.com\/product\/yoast-seo-wordpress\/ -->\n<title>Przegl\u0105d budynk\u00f3w - Volksbildungswerk Klarenthal e.V.<\/title>\n<meta name=\"description\" content=\"Odkryj przegl\u0105d naszych budynk\u00f3w: lokalizacje, budynki i miejscowo\u015bci. Jeste\u015bmy wsz\u0119dzie tam, gdzie nas potrzebujesz.\" \/>\n<meta name=\"robots\" content=\"index, follow, max-snippet:-1, max-image-preview:large, max-video-preview:-1\" \/>\n<link rel=\"canonical\" href=\"https:\/\/www.klarenthal-vbw.de\/pl\/stowarzyszenie\/gdzie-mozna-nas-znalezc\/przeglad-budynkow\/\" \/>\n<meta property=\"og:locale\" content=\"pl_PL\" \/>\n<meta property=\"og:type\" content=\"article\" \/>\n<meta property=\"og:title\" content=\"Przegl\u0105d budynk\u00f3w - Volksbildungswerk Klarenthal e.V.\" \/>\n<meta property=\"og:description\" content=\"Odkryj przegl\u0105d naszych budynk\u00f3w: lokalizacje, budynki i miejscowo\u015bci. Jeste\u015bmy wsz\u0119dzie tam, gdzie nas potrzebujesz.\" \/>\n<meta property=\"og:url\" content=\"https:\/\/www.klarenthal-vbw.de\/pl\/stowarzyszenie\/gdzie-mozna-nas-znalezc\/przeglad-budynkow\/\" \/>\n<meta property=\"og:site_name\" content=\"Volksbildungswerk Klarenthal e.V.\" \/>\n<meta property=\"article:modified_time\" content=\"2025-03-11T00:24:00+00:00\" \/>\n<meta name=\"twitter:card\" content=\"summary_large_image\" \/>\n<script type=\"application\/ld+json\" class=\"yoast-schema-graph\">{\"@context\":\"https:\\\/\\\/schema.org\",\"@graph\":[{\"@type\":\"WebPage\",\"@id\":\"https:\\\/\\\/www.klarenthal-vbw.de\\\/pl\\\/stowarzyszenie\\\/gdzie-mozna-nas-znalezc\\\/przeglad-budynkow\\\/\",\"url\":\"https:\\\/\\\/www.klarenthal-vbw.de\\\/pl\\\/stowarzyszenie\\\/gdzie-mozna-nas-znalezc\\\/przeglad-budynkow\\\/\",\"name\":\"Przegl\u0105d budynk\u00f3w - Volksbildungswerk Klarenthal e.V.\",\"isPartOf\":{\"@id\":\"https:\\\/\\\/www.klarenthal-vbw.de\\\/pl\\\/#website\"},\"datePublished\":\"2018-01-30T14:06:40+00:00\",\"dateModified\":\"2025-03-11T00:24:00+00:00\",\"description\":\"Odkryj przegl\u0105d naszych budynk\u00f3w: lokalizacje, budynki i miejscowo\u015bci. Jeste\u015bmy wsz\u0119dzie tam, gdzie nas potrzebujesz.\",\"breadcrumb\":{\"@id\":\"https:\\\/\\\/www.klarenthal-vbw.de\\\/pl\\\/stowarzyszenie\\\/gdzie-mozna-nas-znalezc\\\/przeglad-budynkow\\\/#breadcrumb\"},\"inLanguage\":\"pl-PL\",\"potentialAction\":[{\"@type\":\"ReadAction\",\"target\":[\"https:\\\/\\\/www.klarenthal-vbw.de\\\/pl\\\/stowarzyszenie\\\/gdzie-mozna-nas-znalezc\\\/przeglad-budynkow\\\/\"]}]},{\"@type\":\"BreadcrumbList\",\"@id\":\"https:\\\/\\\/www.klarenthal-vbw.de\\\/pl\\\/stowarzyszenie\\\/gdzie-mozna-nas-znalezc\\\/przeglad-budynkow\\\/#breadcrumb\",\"itemListElement\":[{\"@type\":\"ListItem\",\"position\":1,\"name\":\"Startseite\",\"item\":\"https:\\\/\\\/www.klarenthal-vbw.de\\\/pl\\\/\"},{\"@type\":\"ListItem\",\"position\":2,\"name\":\"Stowarzyszenie\",\"item\":\"https:\\\/\\\/www.klarenthal-vbw.de\\\/pl\\\/stowarzyszenie\\\/\"},{\"@type\":\"ListItem\",\"position\":3,\"name\":\"Gdzie mo\u017cna nas znale\u017a\u0107\",\"item\":\"https:\\\/\\\/www.klarenthal-vbw.de\\\/pl\\\/stowarzyszenie\\\/gdzie-mozna-nas-znalezc\\\/\"},{\"@type\":\"ListItem\",\"position\":4,\"name\":\"Przegl\u0105d budynk\u00f3w\"}]},{\"@type\":\"WebSite\",\"@id\":\"https:\\\/\\\/www.klarenthal-vbw.de\\\/pl\\\/#website\",\"url\":\"https:\\\/\\\/www.klarenthal-vbw.de\\\/pl\\\/\",\"name\":\"Volksbildungswerk Klarenthal e.V.\",\"description\":\"Chancen. Bildung. Perspektiven\",\"publisher\":{\"@id\":\"https:\\\/\\\/www.klarenthal-vbw.de\\\/pl\\\/#organization\"},\"potentialAction\":[{\"@type\":\"SearchAction\",\"target\":{\"@type\":\"EntryPoint\",\"urlTemplate\":\"https:\\\/\\\/www.klarenthal-vbw.de\\\/pl\\\/?s={search_term_string}\"},\"query-input\":{\"@type\":\"PropertyValueSpecification\",\"valueRequired\":true,\"valueName\":\"search_term_string\"}}],\"inLanguage\":\"pl-PL\"},{\"@type\":\"Organization\",\"@id\":\"https:\\\/\\\/www.klarenthal-vbw.de\\\/pl\\\/#organization\",\"name\":\"Volksbildungswerk Klarenthal e.V.\",\"url\":\"https:\\\/\\\/www.klarenthal-vbw.de\\\/pl\\\/\",\"logo\":{\"@type\":\"ImageObject\",\"inLanguage\":\"pl-PL\",\"@id\":\"https:\\\/\\\/www.klarenthal-vbw.de\\\/pl\\\/#\\\/schema\\\/logo\\\/image\\\/\",\"url\":\"https:\\\/\\\/www.klarenthal-vbw.de\\\/wp-content\\\/uploads\\\/2025\\\/02\\\/logo.svg\",\"contentUrl\":\"https:\\\/\\\/www.klarenthal-vbw.de\\\/wp-content\\\/uploads\\\/2025\\\/02\\\/logo.svg\",\"caption\":\"Volksbildungswerk Klarenthal e.V.\"},\"image\":{\"@id\":\"https:\\\/\\\/www.klarenthal-vbw.de\\\/pl\\\/#\\\/schema\\\/logo\\\/image\\\/\"}}]}<\/script>\n<!-- \/ Yoast SEO plugin. -->","yoast_head_json":{"title":"Przegl\u0105d budynk\u00f3w - Volksbildungswerk Klarenthal e.V.","description":"Odkryj przegl\u0105d naszych budynk\u00f3w: lokalizacje, budynki i miejscowo\u015bci. Jeste\u015bmy wsz\u0119dzie tam, gdzie nas potrzebujesz.","robots":{"index":"index","follow":"follow","max-snippet":"max-snippet:-1","max-image-preview":"max-image-preview:large","max-video-preview":"max-video-preview:-1"},"canonical":"https:\/\/www.klarenthal-vbw.de\/pl\/stowarzyszenie\/gdzie-mozna-nas-znalezc\/przeglad-budynkow\/","og_locale":"pl_PL","og_type":"article","og_title":"Przegl\u0105d budynk\u00f3w - Volksbildungswerk Klarenthal e.V.","og_description":"Odkryj przegl\u0105d naszych budynk\u00f3w: lokalizacje, budynki i miejscowo\u015bci. Jeste\u015bmy wsz\u0119dzie tam, gdzie nas potrzebujesz.","og_url":"https:\/\/www.klarenthal-vbw.de\/pl\/stowarzyszenie\/gdzie-mozna-nas-znalezc\/przeglad-budynkow\/","og_site_name":"Volksbildungswerk Klarenthal e.V.","article_modified_time":"2025-03-11T00:24:00+00:00","twitter_card":"summary_large_image","schema":{"@context":"https:\/\/schema.org","@graph":[{"@type":"WebPage","@id":"https:\/\/www.klarenthal-vbw.de\/pl\/stowarzyszenie\/gdzie-mozna-nas-znalezc\/przeglad-budynkow\/","url":"https:\/\/www.klarenthal-vbw.de\/pl\/stowarzyszenie\/gdzie-mozna-nas-znalezc\/przeglad-budynkow\/","name":"Przegl\u0105d budynk\u00f3w - Volksbildungswerk Klarenthal e.V.","isPartOf":{"@id":"https:\/\/www.klarenthal-vbw.de\/pl\/#website"},"datePublished":"2018-01-30T14:06:40+00:00","dateModified":"2025-03-11T00:24:00+00:00","description":"Odkryj przegl\u0105d naszych budynk\u00f3w: lokalizacje, budynki i miejscowo\u015bci. Jeste\u015bmy wsz\u0119dzie tam, gdzie nas potrzebujesz.","breadcrumb":{"@id":"https:\/\/www.klarenthal-vbw.de\/pl\/stowarzyszenie\/gdzie-mozna-nas-znalezc\/przeglad-budynkow\/#breadcrumb"},"inLanguage":"pl-PL","potentialAction":[{"@type":"ReadAction","target":["https:\/\/www.klarenthal-vbw.de\/pl\/stowarzyszenie\/gdzie-mozna-nas-znalezc\/przeglad-budynkow\/"]}]},{"@type":"BreadcrumbList","@id":"https:\/\/www.klarenthal-vbw.de\/pl\/stowarzyszenie\/gdzie-mozna-nas-znalezc\/przeglad-budynkow\/#breadcrumb","itemListElement":[{"@type":"ListItem","position":1,"name":"Startseite","item":"https:\/\/www.klarenthal-vbw.de\/pl\/"},{"@type":"ListItem","position":2,"name":"Stowarzyszenie","item":"https:\/\/www.klarenthal-vbw.de\/pl\/stowarzyszenie\/"},{"@type":"ListItem","position":3,"name":"Gdzie mo\u017cna nas znale\u017a\u0107","item":"https:\/\/www.klarenthal-vbw.de\/pl\/stowarzyszenie\/gdzie-mozna-nas-znalezc\/"},{"@type":"ListItem","position":4,"name":"Przegl\u0105d budynk\u00f3w"}]},{"@type":"WebSite","@id":"https:\/\/www.klarenthal-vbw.de\/pl\/#website","url":"https:\/\/www.klarenthal-vbw.de\/pl\/","name":"Volksbildungswerk Klarenthal e.V.","description":"Chancen. Bildung. Perspektiven","publisher":{"@id":"https:\/\/www.klarenthal-vbw.de\/pl\/#organization"},"potentialAction":[{"@type":"SearchAction","target":{"@type":"EntryPoint","urlTemplate":"https:\/\/www.klarenthal-vbw.de\/pl\/?s={search_term_string}"},"query-input":{"@type":"PropertyValueSpecification","valueRequired":true,"valueName":"search_term_string"}}],"inLanguage":"pl-PL"},{"@type":"Organization","@id":"https:\/\/www.klarenthal-vbw.de\/pl\/#organization","name":"Volksbildungswerk Klarenthal e.V.","url":"https:\/\/www.klarenthal-vbw.de\/pl\/","logo":{"@type":"ImageObject","inLanguage":"pl-PL","@id":"https:\/\/www.klarenthal-vbw.de\/pl\/#\/schema\/logo\/image\/","url":"https:\/\/www.klarenthal-vbw.de\/wp-content\/uploads\/2025\/02\/logo.svg","contentUrl":"https:\/\/www.klarenthal-vbw.de\/wp-content\/uploads\/2025\/02\/logo.svg","caption":"Volksbildungswerk Klarenthal e.V."},"image":{"@id":"https:\/\/www.klarenthal-vbw.de\/pl\/#\/schema\/logo\/image\/"}}]}},"_links":{"self":[{"href":"https:\/\/www.klarenthal-vbw.de\/pl\/wp-json\/wp\/v2\/pages\/3459","targetHints":{"allow":["GET"]}}],"collection":[{"href":"https:\/\/www.klarenthal-vbw.de\/pl\/wp-json\/wp\/v2\/pages"}],"about":[{"href":"https:\/\/www.klarenthal-vbw.de\/pl\/wp-json\/wp\/v2\/types\/page"}],"author":[{"embeddable":true,"href":"https:\/\/www.klarenthal-vbw.de\/pl\/wp-json\/wp\/v2\/users\/2"}],"replies":[{"embeddable":true,"href":"https:\/\/www.klarenthal-vbw.de\/pl\/wp-json\/wp\/v2\/comments?post=3459"}],"version-history":[{"count":0,"href":"https:\/\/www.klarenthal-vbw.de\/pl\/wp-json\/wp\/v2\/pages\/3459\/revisions"}],"up":[{"embeddable":true,"href":"https:\/\/www.klarenthal-vbw.de\/pl\/wp-json\/wp\/v2\/pages\/3504"}],"wp:attachment":[{"href":"https:\/\/www.klarenthal-vbw.de\/pl\/wp-json\/wp\/v2\/media?parent=3459"}],"wp:term":[{"taxonomy":"category","embeddable":true,"href":"https:\/\/www.klarenthal-vbw.de\/pl\/wp-json\/wp\/v2\/categories?post=3459"},{"taxonomy":"post_tag","embeddable":true,"href":"https:\/\/www.klarenthal-vbw.de\/pl\/wp-json\/wp\/v2\/tags?post=3459"},{"taxonomy":"folder","embeddable":true,"href":"https:\/\/www.klarenthal-vbw.de\/pl\/wp-json\/wp\/v2\/folder?post=3459"}],"curies":[{"name":"wp","href":"https:\/\/api.w.org\/{rel}","templated":true}]}}

Przegląd budynków

<!-- This site is optimized with the Yoast SEO plugin v27.5 - https://yoast.com/product/yoast-seo-wordpress/ -->
<title>Przegląd budynków - Volksbildungswerk Klarenthal e.V.</title>
<meta name="description" content="Odkryj przegląd naszych budynków: lokalizacje, budynki i miejscowości. Jesteśmy wszędzie tam, gdzie nas potrzebujesz." />
<meta name="robots" content="index, follow, max-snippet:-1, max-image-preview:large, max-video-preview:-1" />
<link rel="canonical" href="https://www.klarenthal-vbw.de/pl/stowarzyszenie/gdzie-mozna-nas-znalezc/przeglad-budynkow/" />
<meta property="og:locale" content="pl_PL" />
<meta property="og:type" content="article" />
<meta property="og:title" content="Przegląd budynków - Volksbildungswerk Klarenthal e.V." />
<meta property="og:description" content="Odkryj przegląd naszych budynków: lokalizacje, budynki i miejscowości. Jesteśmy wszędzie tam, gdzie nas potrzebujesz." />
<meta property="og:url" content="https://www.klarenthal-vbw.de/pl/stowarzyszenie/gdzie-mozna-nas-znalezc/przeglad-budynkow/" />
<meta property="og:site_name" content="Volksbildungswerk Klarenthal e.V." />
<meta property="article:modified_time" content="2025-03-11T00:24:00+00:00" />
<meta name="twitter:card" content="summary_large_image" />
<script type="application/ld+json" class="yoast-schema-graph">{"@context":"https:\/\/schema.org","@graph":[{"@type":"WebPage","@id":"https:\/\/www.klarenthal-vbw.de\/pl\/stowarzyszenie\/gdzie-mozna-nas-znalezc\/przeglad-budynkow\/","url":"https:\/\/www.klarenthal-vbw.de\/pl\/stowarzyszenie\/gdzie-mozna-nas-znalezc\/przeglad-budynkow\/","name":"Przegląd budynków - Volksbildungswerk Klarenthal e.V.","isPartOf":{"@id":"https:\/\/www.klarenthal-vbw.de\/pl\/#website"},"datePublished":"2018-01-30T14:06:40+00:00","dateModified":"2025-03-11T00:24:00+00:00","description":"Odkryj przegląd naszych budynków: lokalizacje, budynki i miejscowości. Jesteśmy wszędzie tam, gdzie nas potrzebujesz.","breadcrumb":{"@id":"https:\/\/www.klarenthal-vbw.de\/pl\/stowarzyszenie\/gdzie-mozna-nas-znalezc\/przeglad-budynkow\/#breadcrumb"},"inLanguage":"pl-PL","potentialAction":[{"@type":"ReadAction","target":["https:\/\/www.klarenthal-vbw.de\/pl\/stowarzyszenie\/gdzie-mozna-nas-znalezc\/przeglad-budynkow\/"]}]},{"@type":"BreadcrumbList","@id":"https:\/\/www.klarenthal-vbw.de\/pl\/stowarzyszenie\/gdzie-mozna-nas-znalezc\/przeglad-budynkow\/#breadcrumb","itemListElement":[{"@type":"ListItem","position":1,"name":"Startseite","item":"https:\/\/www.klarenthal-vbw.de\/pl\/"},{"@type":"ListItem","position":2,"name":"Stowarzyszenie","item":"https:\/\/www.klarenthal-vbw.de\/pl\/stowarzyszenie\/"},{"@type":"ListItem","position":3,"name":"Gdzie można nas znaleźć","item":"https:\/\/www.klarenthal-vbw.de\/pl\/stowarzyszenie\/gdzie-mozna-nas-znalezc\/"},{"@type":"ListItem","position":4,"name":"Przegląd budynków"}]},{"@type":"WebSite","@id":"https:\/\/www.klarenthal-vbw.de\/pl\/#website","url":"https:\/\/www.klarenthal-vbw.de\/pl\/","name":"Volksbildungswerk Klarenthal e.V.","description":"Chancen. Bildung. Perspektiven","publisher":{"@id":"https:\/\/www.klarenthal-vbw.de\/pl\/#organization"},"potentialAction":[{"@type":"SearchAction","target":{"@type":"EntryPoint","urlTemplate":"https:\/\/www.klarenthal-vbw.de\/pl\/?s={search_term_string}"},"query-input":{"@type":"PropertyValueSpecification","valueRequired":true,"valueName":"search_term_string"}}],"inLanguage":"pl-PL"},{"@type":"Organization","@id":"https:\/\/www.klarenthal-vbw.de\/pl\/#organization","name":"Volksbildungswerk Klarenthal e.V.","url":"https:\/\/www.klarenthal-vbw.de\/pl\/","logo":{"@type":"ImageObject","inLanguage":"pl-PL","@id":"https:\/\/www.klarenthal-vbw.de\/pl\/#\/schema\/logo\/image\/","url":"https:\/\/www.klarenthal-vbw.de\/wp-content\/uploads\/2025\/02\/logo.svg","contentUrl":"https:\/\/www.klarenthal-vbw.de\/wp-content\/uploads\/2025\/02\/logo.svg","caption":"Volksbildungswerk Klarenthal e.V."},"image":{"@id":"https:\/\/www.klarenthal-vbw.de\/pl\/#\/schema\/logo\/image\/"}}]}</script>
<!-- / Yoast SEO plugin. -->

Przegląd budynków - Volksbildungswerk Klarenthal e.V.

Odkryj przegląd naszych budynków: lokalizacje, budynki i miejscowości. Jesteśmy wszędzie tam, gdzie nas potrzebujesz.

Gdzie można nas znaleźć
