{"id":4227,"date":"2020-03-13T11:25:30","date_gmt":"2020-03-13T10:25:30","guid":{"rendered":"https:\/\/vbw.entwicklung-mediengewerk.de\/logowanie-wykladowcy\/"},"modified":"2025-03-11T01:18:00","modified_gmt":"2025-03-11T00:18:00","slug":"logowanie-wykladowcy","status":"publish","type":"page","link":"https:\/\/www.klarenthal-vbw.de\/pl\/logowanie-wykladowcy\/","title":{"rendered":"Logowanie wyk\u0142adowcy"},"content":{"rendered":"<!-- B287A--><!--\r\n<h2>Dozenten-Login<\/h2>\r\n<br>\r\n\r\n<form method=\"post\" action=\"wp-content\/kuferweb\/kufertools\/index.php?action=doLogin&xsrf=cbe5f103c148520e7472da36b269fec2\" role=\"form\"class=\"form-horizontal\">\r\n    <div class=\"row\">\r\n        <div class=\"control-label col-xs-12 col-sm-2\">\r\n            <label class=\"kw-anmlabel\">Benutzername<\/label>\r\n        <\/div>\r\n        <div class=\"col-xs-12 col-sm-4 form-group\">\r\n            <input class=\"form-control\" type=\"text\" name=\"username\" value=\"\" placeholder=\"Benutzername\">\r\n        <\/div>\r\n\r\n        <div class=\"control-label col-xs-12 col-sm-2\">\r\n            <label class=\"kw-anmlabel\">Passwort<\/label>\r\n        <\/div>\r\n        <div class=\"col-xs-12 col-sm-4\">\r\n            <input class=\"form-control\" type=\"password\" name=\"password\" value=\"\" placeholder=\"Passwort\">\r\n        <\/div>\r\n    <\/div>\r\n    <div class=\"row\">\r\n        <div class=\"col-sm-6\">\r\n            <p class=\"pwinfo\">\r\n                Sie haben noch kein Login? Bitte unter dieser\r\n                <strong>\r\n                    <a href=\"javascript:link2CryptedMail('118,123,115,124,77,120,121,110,127,114,123,129,117,110,121,59,124,127,116')\" title=\"Senden Sie uns eine E-Mail\">E-Mail-Adresse\r\n                    <\/a>\r\n                <\/strong>\r\n                anfordern!\r\n            <\/p>\r\n        <\/div>\r\n        <div class=\"col-sm-6 text-right\">\r\n            <div class=\"kw-buttonleiste form-group\">\r\n                <button class=\"btn btn-mainColor\" title=\"Jetzt einloggen\" type=\"submit\">\r\n                    Anmelden\r\n                <\/button>\r\n            <\/div>\r\n        <\/div>\r\n    <\/div>\r\n<\/form>\r\n--><h2>Dozenten-Login<\/h2><br><div id=\"doz_login\">\r\n  <form method=\"post\" action=\"kufertools\/index.php?action=doLogin&amp;xsrf=cbe5f103c148520e7472da36b269fec2\" role=\"form\" class=\"form-horizontal\">\r\n    <div class=\"form-group\">\r\n      <div id=\"user\">\r\n        <label class=\"control-label col-xs-12 col-sm-4\">\r\n          Benutzername *\r\n        <\/label>\r\n      <\/div>\r\n      <div id=\"user_input\" class=\"col-xs-12 col-sm-8\">\r\n        <input type=\"text\" name=\"username\" value=\"\" class=\"form-control\">\r\n      <\/div>\r\n    <\/div>\r\n    <div class=\"form-group\">\r\n      <div id=\"password\">\r\n        <label class=\"control-label  col-xs-12 col-sm-4\">\r\n          Passwort *\r\n        <\/label>\r\n      <\/div>\r\n      <div id=\"password_input\" class=\"col-xs-12 col-sm-8\">\r\n        <input type=\"password\" name=\"password\" value=\"\" class=\"form-control\">\r\n      <\/div>\r\n    <\/div>\r\n    <div class=\"form-group text-right\">\r\n      <div class=\"kw-buttonleiste col-md-12\">\r\n        <input type=\"submit\" class=\"btn btn-theme\" id=\"web_tools_submit\" value=\"Jetzt einloggen\">\r\n      <\/div>\r\n    <\/div>\r\n  <\/form>\r\n<\/div><div class=\"zusatztext\">\r\n  <p class=\"pwinfo\">\r\n    Sie haben noch kein Login? Bitte unter dieser \r\n    <strong>\r\n      <a href=\"javascript:link2CryptedMail('118,123,115,124,77,120,121,110,127,114,123,129,117,110,121,59,124,127,116')\" title=\"Senden Sie uns eine E-Mail\">\r\n        E-Mail-Adresse\r\n      <\/a>\r\n    <\/strong> \r\n<\/p>\n<\/div><!-- B287E -->\n\n","protected":false},"excerpt":{"rendered":"","protected":false},"author":2,"featured_media":0,"parent":0,"menu_order":0,"comment_status":"closed","ping_status":"closed","template":"","meta":{"_acf_changed":false,"footnotes":""},"categories":[],"tags":[],"folder":[17],"class_list":["post-4227","page","type-page","status-publish","hentry"],"acf":[],"yoast_head":"<!-- This site is optimized with the Yoast SEO plugin v27.5 - https:\/\/yoast.com\/product\/yoast-seo-wordpress\/ -->\n<title>Logowanie wyk\u0142adowcy - Volksbildungswerk Klarenthal e.V.<\/title>\n<meta name=\"description\" content=\"Wyk\u0142adowcy mog\u0105 zalogowa\u0107 si\u0119 tutaj, aby zobaczy\u0107 sw\u00f3j indywidualny obszar osobisty i zaplanowa\u0107 swoje kursy.\" \/>\n<meta name=\"robots\" content=\"index, follow, max-snippet:-1, max-image-preview:large, max-video-preview:-1\" \/>\n<link rel=\"canonical\" href=\"https:\/\/www.klarenthal-vbw.de\/pl\/logowanie-wykladowcy\/\" \/>\n<meta property=\"og:locale\" content=\"pl_PL\" \/>\n<meta property=\"og:type\" content=\"article\" \/>\n<meta property=\"og:title\" content=\"Logowanie wyk\u0142adowcy - Volksbildungswerk Klarenthal e.V.\" \/>\n<meta property=\"og:description\" content=\"Wyk\u0142adowcy mog\u0105 zalogowa\u0107 si\u0119 tutaj, aby zobaczy\u0107 sw\u00f3j indywidualny obszar osobisty i zaplanowa\u0107 swoje kursy.\" \/>\n<meta property=\"og:url\" content=\"https:\/\/www.klarenthal-vbw.de\/pl\/logowanie-wykladowcy\/\" \/>\n<meta property=\"og:site_name\" content=\"Volksbildungswerk Klarenthal e.V.\" \/>\n<meta property=\"article:modified_time\" content=\"2025-03-11T00:18:00+00:00\" \/>\n<meta name=\"twitter:card\" content=\"summary_large_image\" \/>\n<script type=\"application\/ld+json\" class=\"yoast-schema-graph\">{\"@context\":\"https:\\\/\\\/schema.org\",\"@graph\":[{\"@type\":\"WebPage\",\"@id\":\"https:\\\/\\\/www.klarenthal-vbw.de\\\/pl\\\/logowanie-wykladowcy\\\/\",\"url\":\"https:\\\/\\\/www.klarenthal-vbw.de\\\/pl\\\/logowanie-wykladowcy\\\/\",\"name\":\"Logowanie wyk\u0142adowcy - Volksbildungswerk Klarenthal e.V.\",\"isPartOf\":{\"@id\":\"https:\\\/\\\/www.klarenthal-vbw.de\\\/pl\\\/#website\"},\"datePublished\":\"2020-03-13T10:25:30+00:00\",\"dateModified\":\"2025-03-11T00:18:00+00:00\",\"description\":\"Wyk\u0142adowcy mog\u0105 zalogowa\u0107 si\u0119 tutaj, aby zobaczy\u0107 sw\u00f3j indywidualny obszar osobisty i zaplanowa\u0107 swoje kursy.\",\"breadcrumb\":{\"@id\":\"https:\\\/\\\/www.klarenthal-vbw.de\\\/pl\\\/logowanie-wykladowcy\\\/#breadcrumb\"},\"inLanguage\":\"pl-PL\",\"potentialAction\":[{\"@type\":\"ReadAction\",\"target\":[\"https:\\\/\\\/www.klarenthal-vbw.de\\\/pl\\\/logowanie-wykladowcy\\\/\"]}]},{\"@type\":\"BreadcrumbList\",\"@id\":\"https:\\\/\\\/www.klarenthal-vbw.de\\\/pl\\\/logowanie-wykladowcy\\\/#breadcrumb\",\"itemListElement\":[{\"@type\":\"ListItem\",\"position\":1,\"name\":\"Startseite\",\"item\":\"https:\\\/\\\/www.klarenthal-vbw.de\\\/pl\\\/\"},{\"@type\":\"ListItem\",\"position\":2,\"name\":\"Logowanie wyk\u0142adowcy\"}]},{\"@type\":\"WebSite\",\"@id\":\"https:\\\/\\\/www.klarenthal-vbw.de\\\/pl\\\/#website\",\"url\":\"https:\\\/\\\/www.klarenthal-vbw.de\\\/pl\\\/\",\"name\":\"Volksbildungswerk Klarenthal e.V.\",\"description\":\"Chancen. Bildung. Perspektiven\",\"publisher\":{\"@id\":\"https:\\\/\\\/www.klarenthal-vbw.de\\\/pl\\\/#organization\"},\"potentialAction\":[{\"@type\":\"SearchAction\",\"target\":{\"@type\":\"EntryPoint\",\"urlTemplate\":\"https:\\\/\\\/www.klarenthal-vbw.de\\\/pl\\\/?s={search_term_string}\"},\"query-input\":{\"@type\":\"PropertyValueSpecification\",\"valueRequired\":true,\"valueName\":\"search_term_string\"}}],\"inLanguage\":\"pl-PL\"},{\"@type\":\"Organization\",\"@id\":\"https:\\\/\\\/www.klarenthal-vbw.de\\\/pl\\\/#organization\",\"name\":\"Volksbildungswerk Klarenthal e.V.\",\"url\":\"https:\\\/\\\/www.klarenthal-vbw.de\\\/pl\\\/\",\"logo\":{\"@type\":\"ImageObject\",\"inLanguage\":\"pl-PL\",\"@id\":\"https:\\\/\\\/www.klarenthal-vbw.de\\\/pl\\\/#\\\/schema\\\/logo\\\/image\\\/\",\"url\":\"https:\\\/\\\/www.klarenthal-vbw.de\\\/wp-content\\\/uploads\\\/2025\\\/02\\\/logo.svg\",\"contentUrl\":\"https:\\\/\\\/www.klarenthal-vbw.de\\\/wp-content\\\/uploads\\\/2025\\\/02\\\/logo.svg\",\"caption\":\"Volksbildungswerk Klarenthal e.V.\"},\"image\":{\"@id\":\"https:\\\/\\\/www.klarenthal-vbw.de\\\/pl\\\/#\\\/schema\\\/logo\\\/image\\\/\"}}]}<\/script>\n<!-- \/ Yoast SEO plugin. -->","yoast_head_json":{"title":"Logowanie wyk\u0142adowcy - Volksbildungswerk Klarenthal e.V.","description":"Wyk\u0142adowcy mog\u0105 zalogowa\u0107 si\u0119 tutaj, aby zobaczy\u0107 sw\u00f3j indywidualny obszar osobisty i zaplanowa\u0107 swoje kursy.","robots":{"index":"index","follow":"follow","max-snippet":"max-snippet:-1","max-image-preview":"max-image-preview:large","max-video-preview":"max-video-preview:-1"},"canonical":"https:\/\/www.klarenthal-vbw.de\/pl\/logowanie-wykladowcy\/","og_locale":"pl_PL","og_type":"article","og_title":"Logowanie wyk\u0142adowcy - Volksbildungswerk Klarenthal e.V.","og_description":"Wyk\u0142adowcy mog\u0105 zalogowa\u0107 si\u0119 tutaj, aby zobaczy\u0107 sw\u00f3j indywidualny obszar osobisty i zaplanowa\u0107 swoje kursy.","og_url":"https:\/\/www.klarenthal-vbw.de\/pl\/logowanie-wykladowcy\/","og_site_name":"Volksbildungswerk Klarenthal e.V.","article_modified_time":"2025-03-11T00:18:00+00:00","twitter_card":"summary_large_image","schema":{"@context":"https:\/\/schema.org","@graph":[{"@type":"WebPage","@id":"https:\/\/www.klarenthal-vbw.de\/pl\/logowanie-wykladowcy\/","url":"https:\/\/www.klarenthal-vbw.de\/pl\/logowanie-wykladowcy\/","name":"Logowanie wyk\u0142adowcy - Volksbildungswerk Klarenthal e.V.","isPartOf":{"@id":"https:\/\/www.klarenthal-vbw.de\/pl\/#website"},"datePublished":"2020-03-13T10:25:30+00:00","dateModified":"2025-03-11T00:18:00+00:00","description":"Wyk\u0142adowcy mog\u0105 zalogowa\u0107 si\u0119 tutaj, aby zobaczy\u0107 sw\u00f3j indywidualny obszar osobisty i zaplanowa\u0107 swoje kursy.","breadcrumb":{"@id":"https:\/\/www.klarenthal-vbw.de\/pl\/logowanie-wykladowcy\/#breadcrumb"},"inLanguage":"pl-PL","potentialAction":[{"@type":"ReadAction","target":["https:\/\/www.klarenthal-vbw.de\/pl\/logowanie-wykladowcy\/"]}]},{"@type":"BreadcrumbList","@id":"https:\/\/www.klarenthal-vbw.de\/pl\/logowanie-wykladowcy\/#breadcrumb","itemListElement":[{"@type":"ListItem","position":1,"name":"Startseite","item":"https:\/\/www.klarenthal-vbw.de\/pl\/"},{"@type":"ListItem","position":2,"name":"Logowanie wyk\u0142adowcy"}]},{"@type":"WebSite","@id":"https:\/\/www.klarenthal-vbw.de\/pl\/#website","url":"https:\/\/www.klarenthal-vbw.de\/pl\/","name":"Volksbildungswerk Klarenthal e.V.","description":"Chancen. Bildung. Perspektiven","publisher":{"@id":"https:\/\/www.klarenthal-vbw.de\/pl\/#organization"},"potentialAction":[{"@type":"SearchAction","target":{"@type":"EntryPoint","urlTemplate":"https:\/\/www.klarenthal-vbw.de\/pl\/?s={search_term_string}"},"query-input":{"@type":"PropertyValueSpecification","valueRequired":true,"valueName":"search_term_string"}}],"inLanguage":"pl-PL"},{"@type":"Organization","@id":"https:\/\/www.klarenthal-vbw.de\/pl\/#organization","name":"Volksbildungswerk Klarenthal e.V.","url":"https:\/\/www.klarenthal-vbw.de\/pl\/","logo":{"@type":"ImageObject","inLanguage":"pl-PL","@id":"https:\/\/www.klarenthal-vbw.de\/pl\/#\/schema\/logo\/image\/","url":"https:\/\/www.klarenthal-vbw.de\/wp-content\/uploads\/2025\/02\/logo.svg","contentUrl":"https:\/\/www.klarenthal-vbw.de\/wp-content\/uploads\/2025\/02\/logo.svg","caption":"Volksbildungswerk Klarenthal e.V."},"image":{"@id":"https:\/\/www.klarenthal-vbw.de\/pl\/#\/schema\/logo\/image\/"}}]}},"_links":{"self":[{"href":"https:\/\/www.klarenthal-vbw.de\/pl\/wp-json\/wp\/v2\/pages\/4227","targetHints":{"allow":["GET"]}}],"collection":[{"href":"https:\/\/www.klarenthal-vbw.de\/pl\/wp-json\/wp\/v2\/pages"}],"about":[{"href":"https:\/\/www.klarenthal-vbw.de\/pl\/wp-json\/wp\/v2\/types\/page"}],"author":[{"embeddable":true,"href":"https:\/\/www.klarenthal-vbw.de\/pl\/wp-json\/wp\/v2\/users\/2"}],"replies":[{"embeddable":true,"href":"https:\/\/www.klarenthal-vbw.de\/pl\/wp-json\/wp\/v2\/comments?post=4227"}],"version-history":[{"count":0,"href":"https:\/\/www.klarenthal-vbw.de\/pl\/wp-json\/wp\/v2\/pages\/4227\/revisions"}],"wp:attachment":[{"href":"https:\/\/www.klarenthal-vbw.de\/pl\/wp-json\/wp\/v2\/media?parent=4227"}],"wp:term":[{"taxonomy":"category","embeddable":true,"href":"https:\/\/www.klarenthal-vbw.de\/pl\/wp-json\/wp\/v2\/categories?post=4227"},{"taxonomy":"post_tag","embeddable":true,"href":"https:\/\/www.klarenthal-vbw.de\/pl\/wp-json\/wp\/v2\/tags?post=4227"},{"taxonomy":"folder","embeddable":true,"href":"https:\/\/www.klarenthal-vbw.de\/pl\/wp-json\/wp\/v2\/folder?post=4227"}],"curies":[{"name":"wp","href":"https:\/\/api.w.org\/{rel}","templated":true}]}}

Logowanie wykładowcy

<!-- This site is optimized with the Yoast SEO plugin v27.5 - https://yoast.com/product/yoast-seo-wordpress/ -->
<title>Logowanie wykładowcy - Volksbildungswerk Klarenthal e.V.</title>
<meta name="description" content="Wykładowcy mogą zalogować się tutaj, aby zobaczyć swój indywidualny obszar osobisty i zaplanować swoje kursy." />
<meta name="robots" content="index, follow, max-snippet:-1, max-image-preview:large, max-video-preview:-1" />
<link rel="canonical" href="https://www.klarenthal-vbw.de/pl/logowanie-wykladowcy/" />
<meta property="og:locale" content="pl_PL" />
<meta property="og:type" content="article" />
<meta property="og:title" content="Logowanie wykładowcy - Volksbildungswerk Klarenthal e.V." />
<meta property="og:description" content="Wykładowcy mogą zalogować się tutaj, aby zobaczyć swój indywidualny obszar osobisty i zaplanować swoje kursy." />
<meta property="og:url" content="https://www.klarenthal-vbw.de/pl/logowanie-wykladowcy/" />
<meta property="og:site_name" content="Volksbildungswerk Klarenthal e.V." />
<meta property="article:modified_time" content="2025-03-11T00:18:00+00:00" />
<meta name="twitter:card" content="summary_large_image" />
<script type="application/ld+json" class="yoast-schema-graph">{"@context":"https:\/\/schema.org","@graph":[{"@type":"WebPage","@id":"https:\/\/www.klarenthal-vbw.de\/pl\/logowanie-wykladowcy\/","url":"https:\/\/www.klarenthal-vbw.de\/pl\/logowanie-wykladowcy\/","name":"Logowanie wykładowcy - Volksbildungswerk Klarenthal e.V.","isPartOf":{"@id":"https:\/\/www.klarenthal-vbw.de\/pl\/#website"},"datePublished":"2020-03-13T10:25:30+00:00","dateModified":"2025-03-11T00:18:00+00:00","description":"Wykładowcy mogą zalogować się tutaj, aby zobaczyć swój indywidualny obszar osobisty i zaplanować swoje kursy.","breadcrumb":{"@id":"https:\/\/www.klarenthal-vbw.de\/pl\/logowanie-wykladowcy\/#breadcrumb"},"inLanguage":"pl-PL","potentialAction":[{"@type":"ReadAction","target":["https:\/\/www.klarenthal-vbw.de\/pl\/logowanie-wykladowcy\/"]}]},{"@type":"BreadcrumbList","@id":"https:\/\/www.klarenthal-vbw.de\/pl\/logowanie-wykladowcy\/#breadcrumb","itemListElement":[{"@type":"ListItem","position":1,"name":"Startseite","item":"https:\/\/www.klarenthal-vbw.de\/pl\/"},{"@type":"ListItem","position":2,"name":"Logowanie wykładowcy"}]},{"@type":"WebSite","@id":"https:\/\/www.klarenthal-vbw.de\/pl\/#website","url":"https:\/\/www.klarenthal-vbw.de\/pl\/","name":"Volksbildungswerk Klarenthal e.V.","description":"Chancen. Bildung. Perspektiven","publisher":{"@id":"https:\/\/www.klarenthal-vbw.de\/pl\/#organization"},"potentialAction":[{"@type":"SearchAction","target":{"@type":"EntryPoint","urlTemplate":"https:\/\/www.klarenthal-vbw.de\/pl\/?s={search_term_string}"},"query-input":{"@type":"PropertyValueSpecification","valueRequired":true,"valueName":"search_term_string"}}],"inLanguage":"pl-PL"},{"@type":"Organization","@id":"https:\/\/www.klarenthal-vbw.de\/pl\/#organization","name":"Volksbildungswerk Klarenthal e.V.","url":"https:\/\/www.klarenthal-vbw.de\/pl\/","logo":{"@type":"ImageObject","inLanguage":"pl-PL","@id":"https:\/\/www.klarenthal-vbw.de\/pl\/#\/schema\/logo\/image\/","url":"https:\/\/www.klarenthal-vbw.de\/wp-content\/uploads\/2025\/02\/logo.svg","contentUrl":"https:\/\/www.klarenthal-vbw.de\/wp-content\/uploads\/2025\/02\/logo.svg","caption":"Volksbildungswerk Klarenthal e.V."},"image":{"@id":"https:\/\/www.klarenthal-vbw.de\/pl\/#\/schema\/logo\/image\/"}}]}</script>
<!-- / Yoast SEO plugin. -->

Logowanie wykładowcy - Volksbildungswerk Klarenthal e.V.

Wykładowcy mogą zalogować się tutaj, aby zobaczyć swój indywidualny obszar osobisty i zaplanować swoje kursy.
