{"id":3455,"date":"2018-01-30T15:06:40","date_gmt":"2018-01-30T14:06:40","guid":{"rendered":"https:\/\/vbw.entwicklung-mediengewerk.de\/?page_id=3455"},"modified":"2025-03-11T01:23:46","modified_gmt":"2025-03-11T00:23:46","slug":"binaya-genel-bakis","status":"publish","type":"page","link":"https:\/\/www.klarenthal-vbw.de\/tr\/dernek\/bizi-nerede-bulabilirsiniz\/binaya-genel-bakis\/","title":{"rendered":"Binaya genel bak\u0131\u015f"},"content":{"rendered":"<div class=\"hauptseite\">\n <div class=\"hauptseite_kurse\">\n<!-- ND221A-->\r\n\r\n<div class=\"alert alert-info\">\r\n\tKeine Geb&auml;ude zu den Kursen der Kategorie  gefunden.\r\n<\/div>\r\n\r\n<!-- ND221E --> <\/div>\n\n<\/div>\n\n","protected":false},"excerpt":{"rendered":"","protected":false},"author":2,"featured_media":0,"parent":3502,"menu_order":0,"comment_status":"closed","ping_status":"closed","template":"","meta":{"_acf_changed":false,"footnotes":""},"categories":[],"tags":[],"folder":[13],"class_list":["post-3455","page","type-page","status-publish","hentry"],"acf":[],"yoast_head":"<!-- This site is optimized with the Yoast SEO plugin v27.5 - https:\/\/yoast.com\/product\/yoast-seo-wordpress\/ -->\n<title>Binaya genel bak\u0131\u015f - Volksbildungswerk Klarenthal e.V.<\/title>\n<meta name=\"description\" content=\"Binalar\u0131m\u0131za genel bak\u0131\u015f\u0131 ke\u015ffedin: konumlar, binalar ve b\u00f6lgeler. Bize ihtiya\u00e7 duydu\u011funuz her yerde yan\u0131n\u0131zday\u0131z.\" \/>\n<meta name=\"robots\" content=\"index, follow, max-snippet:-1, max-image-preview:large, max-video-preview:-1\" \/>\n<link rel=\"canonical\" href=\"https:\/\/www.klarenthal-vbw.de\/tr\/dernek\/bizi-nerede-bulabilirsiniz\/binaya-genel-bakis\/\" \/>\n<meta property=\"og:locale\" content=\"tr_TR\" \/>\n<meta property=\"og:type\" content=\"article\" \/>\n<meta property=\"og:title\" content=\"Binaya genel bak\u0131\u015f - Volksbildungswerk Klarenthal e.V.\" \/>\n<meta property=\"og:description\" content=\"Binalar\u0131m\u0131za genel bak\u0131\u015f\u0131 ke\u015ffedin: konumlar, binalar ve b\u00f6lgeler. Bize ihtiya\u00e7 duydu\u011funuz her yerde yan\u0131n\u0131zday\u0131z.\" \/>\n<meta property=\"og:url\" content=\"https:\/\/www.klarenthal-vbw.de\/tr\/dernek\/bizi-nerede-bulabilirsiniz\/binaya-genel-bakis\/\" \/>\n<meta property=\"og:site_name\" content=\"Volksbildungswerk Klarenthal e.V.\" \/>\n<meta property=\"article:modified_time\" content=\"2025-03-11T00:23:46+00:00\" \/>\n<meta name=\"twitter:card\" content=\"summary_large_image\" \/>\n<script type=\"application\/ld+json\" class=\"yoast-schema-graph\">{\"@context\":\"https:\\\/\\\/schema.org\",\"@graph\":[{\"@type\":\"WebPage\",\"@id\":\"https:\\\/\\\/www.klarenthal-vbw.de\\\/tr\\\/dernek\\\/bizi-nerede-bulabilirsiniz\\\/binaya-genel-bakis\\\/\",\"url\":\"https:\\\/\\\/www.klarenthal-vbw.de\\\/tr\\\/dernek\\\/bizi-nerede-bulabilirsiniz\\\/binaya-genel-bakis\\\/\",\"name\":\"Binaya genel bak\u0131\u015f - Volksbildungswerk Klarenthal e.V.\",\"isPartOf\":{\"@id\":\"https:\\\/\\\/www.klarenthal-vbw.de\\\/tr\\\/#website\"},\"datePublished\":\"2018-01-30T14:06:40+00:00\",\"dateModified\":\"2025-03-11T00:23:46+00:00\",\"description\":\"Binalar\u0131m\u0131za genel bak\u0131\u015f\u0131 ke\u015ffedin: konumlar, binalar ve b\u00f6lgeler. Bize ihtiya\u00e7 duydu\u011funuz her yerde yan\u0131n\u0131zday\u0131z.\",\"breadcrumb\":{\"@id\":\"https:\\\/\\\/www.klarenthal-vbw.de\\\/tr\\\/dernek\\\/bizi-nerede-bulabilirsiniz\\\/binaya-genel-bakis\\\/#breadcrumb\"},\"inLanguage\":\"tr\",\"potentialAction\":[{\"@type\":\"ReadAction\",\"target\":[\"https:\\\/\\\/www.klarenthal-vbw.de\\\/tr\\\/dernek\\\/bizi-nerede-bulabilirsiniz\\\/binaya-genel-bakis\\\/\"]}]},{\"@type\":\"BreadcrumbList\",\"@id\":\"https:\\\/\\\/www.klarenthal-vbw.de\\\/tr\\\/dernek\\\/bizi-nerede-bulabilirsiniz\\\/binaya-genel-bakis\\\/#breadcrumb\",\"itemListElement\":[{\"@type\":\"ListItem\",\"position\":1,\"name\":\"Startseite\",\"item\":\"https:\\\/\\\/www.klarenthal-vbw.de\\\/tr\\\/\"},{\"@type\":\"ListItem\",\"position\":2,\"name\":\"Dernek\",\"item\":\"https:\\\/\\\/www.klarenthal-vbw.de\\\/tr\\\/dernek\\\/\"},{\"@type\":\"ListItem\",\"position\":3,\"name\":\"Bizi nerede bulabilirsiniz\",\"item\":\"https:\\\/\\\/www.klarenthal-vbw.de\\\/tr\\\/dernek\\\/bizi-nerede-bulabilirsiniz\\\/\"},{\"@type\":\"ListItem\",\"position\":4,\"name\":\"Binaya genel bak\u0131\u015f\"}]},{\"@type\":\"WebSite\",\"@id\":\"https:\\\/\\\/www.klarenthal-vbw.de\\\/tr\\\/#website\",\"url\":\"https:\\\/\\\/www.klarenthal-vbw.de\\\/tr\\\/\",\"name\":\"Volksbildungswerk Klarenthal e.V.\",\"description\":\"Chancen. Bildung. Perspektiven\",\"publisher\":{\"@id\":\"https:\\\/\\\/www.klarenthal-vbw.de\\\/tr\\\/#organization\"},\"potentialAction\":[{\"@type\":\"SearchAction\",\"target\":{\"@type\":\"EntryPoint\",\"urlTemplate\":\"https:\\\/\\\/www.klarenthal-vbw.de\\\/tr\\\/?s={search_term_string}\"},\"query-input\":{\"@type\":\"PropertyValueSpecification\",\"valueRequired\":true,\"valueName\":\"search_term_string\"}}],\"inLanguage\":\"tr\"},{\"@type\":\"Organization\",\"@id\":\"https:\\\/\\\/www.klarenthal-vbw.de\\\/tr\\\/#organization\",\"name\":\"Volksbildungswerk Klarenthal e.V.\",\"url\":\"https:\\\/\\\/www.klarenthal-vbw.de\\\/tr\\\/\",\"logo\":{\"@type\":\"ImageObject\",\"inLanguage\":\"tr\",\"@id\":\"https:\\\/\\\/www.klarenthal-vbw.de\\\/tr\\\/#\\\/schema\\\/logo\\\/image\\\/\",\"url\":\"https:\\\/\\\/www.klarenthal-vbw.de\\\/wp-content\\\/uploads\\\/2025\\\/02\\\/logo.svg\",\"contentUrl\":\"https:\\\/\\\/www.klarenthal-vbw.de\\\/wp-content\\\/uploads\\\/2025\\\/02\\\/logo.svg\",\"caption\":\"Volksbildungswerk Klarenthal e.V.\"},\"image\":{\"@id\":\"https:\\\/\\\/www.klarenthal-vbw.de\\\/tr\\\/#\\\/schema\\\/logo\\\/image\\\/\"}}]}<\/script>\n<!-- \/ Yoast SEO plugin. -->","yoast_head_json":{"title":"Binaya genel bak\u0131\u015f - Volksbildungswerk Klarenthal e.V.","description":"Binalar\u0131m\u0131za genel bak\u0131\u015f\u0131 ke\u015ffedin: konumlar, binalar ve b\u00f6lgeler. Bize ihtiya\u00e7 duydu\u011funuz her yerde yan\u0131n\u0131zday\u0131z.","robots":{"index":"index","follow":"follow","max-snippet":"max-snippet:-1","max-image-preview":"max-image-preview:large","max-video-preview":"max-video-preview:-1"},"canonical":"https:\/\/www.klarenthal-vbw.de\/tr\/dernek\/bizi-nerede-bulabilirsiniz\/binaya-genel-bakis\/","og_locale":"tr_TR","og_type":"article","og_title":"Binaya genel bak\u0131\u015f - Volksbildungswerk Klarenthal e.V.","og_description":"Binalar\u0131m\u0131za genel bak\u0131\u015f\u0131 ke\u015ffedin: konumlar, binalar ve b\u00f6lgeler. Bize ihtiya\u00e7 duydu\u011funuz her yerde yan\u0131n\u0131zday\u0131z.","og_url":"https:\/\/www.klarenthal-vbw.de\/tr\/dernek\/bizi-nerede-bulabilirsiniz\/binaya-genel-bakis\/","og_site_name":"Volksbildungswerk Klarenthal e.V.","article_modified_time":"2025-03-11T00:23:46+00:00","twitter_card":"summary_large_image","schema":{"@context":"https:\/\/schema.org","@graph":[{"@type":"WebPage","@id":"https:\/\/www.klarenthal-vbw.de\/tr\/dernek\/bizi-nerede-bulabilirsiniz\/binaya-genel-bakis\/","url":"https:\/\/www.klarenthal-vbw.de\/tr\/dernek\/bizi-nerede-bulabilirsiniz\/binaya-genel-bakis\/","name":"Binaya genel bak\u0131\u015f - Volksbildungswerk Klarenthal e.V.","isPartOf":{"@id":"https:\/\/www.klarenthal-vbw.de\/tr\/#website"},"datePublished":"2018-01-30T14:06:40+00:00","dateModified":"2025-03-11T00:23:46+00:00","description":"Binalar\u0131m\u0131za genel bak\u0131\u015f\u0131 ke\u015ffedin: konumlar, binalar ve b\u00f6lgeler. Bize ihtiya\u00e7 duydu\u011funuz her yerde yan\u0131n\u0131zday\u0131z.","breadcrumb":{"@id":"https:\/\/www.klarenthal-vbw.de\/tr\/dernek\/bizi-nerede-bulabilirsiniz\/binaya-genel-bakis\/#breadcrumb"},"inLanguage":"tr","potentialAction":[{"@type":"ReadAction","target":["https:\/\/www.klarenthal-vbw.de\/tr\/dernek\/bizi-nerede-bulabilirsiniz\/binaya-genel-bakis\/"]}]},{"@type":"BreadcrumbList","@id":"https:\/\/www.klarenthal-vbw.de\/tr\/dernek\/bizi-nerede-bulabilirsiniz\/binaya-genel-bakis\/#breadcrumb","itemListElement":[{"@type":"ListItem","position":1,"name":"Startseite","item":"https:\/\/www.klarenthal-vbw.de\/tr\/"},{"@type":"ListItem","position":2,"name":"Dernek","item":"https:\/\/www.klarenthal-vbw.de\/tr\/dernek\/"},{"@type":"ListItem","position":3,"name":"Bizi nerede bulabilirsiniz","item":"https:\/\/www.klarenthal-vbw.de\/tr\/dernek\/bizi-nerede-bulabilirsiniz\/"},{"@type":"ListItem","position":4,"name":"Binaya genel bak\u0131\u015f"}]},{"@type":"WebSite","@id":"https:\/\/www.klarenthal-vbw.de\/tr\/#website","url":"https:\/\/www.klarenthal-vbw.de\/tr\/","name":"Volksbildungswerk Klarenthal e.V.","description":"Chancen. Bildung. Perspektiven","publisher":{"@id":"https:\/\/www.klarenthal-vbw.de\/tr\/#organization"},"potentialAction":[{"@type":"SearchAction","target":{"@type":"EntryPoint","urlTemplate":"https:\/\/www.klarenthal-vbw.de\/tr\/?s={search_term_string}"},"query-input":{"@type":"PropertyValueSpecification","valueRequired":true,"valueName":"search_term_string"}}],"inLanguage":"tr"},{"@type":"Organization","@id":"https:\/\/www.klarenthal-vbw.de\/tr\/#organization","name":"Volksbildungswerk Klarenthal e.V.","url":"https:\/\/www.klarenthal-vbw.de\/tr\/","logo":{"@type":"ImageObject","inLanguage":"tr","@id":"https:\/\/www.klarenthal-vbw.de\/tr\/#\/schema\/logo\/image\/","url":"https:\/\/www.klarenthal-vbw.de\/wp-content\/uploads\/2025\/02\/logo.svg","contentUrl":"https:\/\/www.klarenthal-vbw.de\/wp-content\/uploads\/2025\/02\/logo.svg","caption":"Volksbildungswerk Klarenthal e.V."},"image":{"@id":"https:\/\/www.klarenthal-vbw.de\/tr\/#\/schema\/logo\/image\/"}}]}},"_links":{"self":[{"href":"https:\/\/www.klarenthal-vbw.de\/tr\/wp-json\/wp\/v2\/pages\/3455","targetHints":{"allow":["GET"]}}],"collection":[{"href":"https:\/\/www.klarenthal-vbw.de\/tr\/wp-json\/wp\/v2\/pages"}],"about":[{"href":"https:\/\/www.klarenthal-vbw.de\/tr\/wp-json\/wp\/v2\/types\/page"}],"author":[{"embeddable":true,"href":"https:\/\/www.klarenthal-vbw.de\/tr\/wp-json\/wp\/v2\/users\/2"}],"replies":[{"embeddable":true,"href":"https:\/\/www.klarenthal-vbw.de\/tr\/wp-json\/wp\/v2\/comments?post=3455"}],"version-history":[{"count":0,"href":"https:\/\/www.klarenthal-vbw.de\/tr\/wp-json\/wp\/v2\/pages\/3455\/revisions"}],"up":[{"embeddable":true,"href":"https:\/\/www.klarenthal-vbw.de\/tr\/wp-json\/wp\/v2\/pages\/3502"}],"wp:attachment":[{"href":"https:\/\/www.klarenthal-vbw.de\/tr\/wp-json\/wp\/v2\/media?parent=3455"}],"wp:term":[{"taxonomy":"category","embeddable":true,"href":"https:\/\/www.klarenthal-vbw.de\/tr\/wp-json\/wp\/v2\/categories?post=3455"},{"taxonomy":"post_tag","embeddable":true,"href":"https:\/\/www.klarenthal-vbw.de\/tr\/wp-json\/wp\/v2\/tags?post=3455"},{"taxonomy":"folder","embeddable":true,"href":"https:\/\/www.klarenthal-vbw.de\/tr\/wp-json\/wp\/v2\/folder?post=3455"}],"curies":[{"name":"wp","href":"https:\/\/api.w.org\/{rel}","templated":true}]}}

Binaya genel bakış

<!-- This site is optimized with the Yoast SEO plugin v27.5 - https://yoast.com/product/yoast-seo-wordpress/ -->
<title>Binaya genel bakış - Volksbildungswerk Klarenthal e.V.</title>
<meta name="description" content="Binalarımıza genel bakışı keşfedin: konumlar, binalar ve bölgeler. Bize ihtiyaç duyduğunuz her yerde yanınızdayız." />
<meta name="robots" content="index, follow, max-snippet:-1, max-image-preview:large, max-video-preview:-1" />
<link rel="canonical" href="https://www.klarenthal-vbw.de/tr/dernek/bizi-nerede-bulabilirsiniz/binaya-genel-bakis/" />
<meta property="og:locale" content="tr_TR" />
<meta property="og:type" content="article" />
<meta property="og:title" content="Binaya genel bakış - Volksbildungswerk Klarenthal e.V." />
<meta property="og:description" content="Binalarımıza genel bakışı keşfedin: konumlar, binalar ve bölgeler. Bize ihtiyaç duyduğunuz her yerde yanınızdayız." />
<meta property="og:url" content="https://www.klarenthal-vbw.de/tr/dernek/bizi-nerede-bulabilirsiniz/binaya-genel-bakis/" />
<meta property="og:site_name" content="Volksbildungswerk Klarenthal e.V." />
<meta property="article:modified_time" content="2025-03-11T00:23:46+00:00" />
<meta name="twitter:card" content="summary_large_image" />
<script type="application/ld+json" class="yoast-schema-graph">{"@context":"https:\/\/schema.org","@graph":[{"@type":"WebPage","@id":"https:\/\/www.klarenthal-vbw.de\/tr\/dernek\/bizi-nerede-bulabilirsiniz\/binaya-genel-bakis\/","url":"https:\/\/www.klarenthal-vbw.de\/tr\/dernek\/bizi-nerede-bulabilirsiniz\/binaya-genel-bakis\/","name":"Binaya genel bakış - Volksbildungswerk Klarenthal e.V.","isPartOf":{"@id":"https:\/\/www.klarenthal-vbw.de\/tr\/#website"},"datePublished":"2018-01-30T14:06:40+00:00","dateModified":"2025-03-11T00:23:46+00:00","description":"Binalarımıza genel bakışı keşfedin: konumlar, binalar ve bölgeler. Bize ihtiyaç duyduğunuz her yerde yanınızdayız.","breadcrumb":{"@id":"https:\/\/www.klarenthal-vbw.de\/tr\/dernek\/bizi-nerede-bulabilirsiniz\/binaya-genel-bakis\/#breadcrumb"},"inLanguage":"tr","potentialAction":[{"@type":"ReadAction","target":["https:\/\/www.klarenthal-vbw.de\/tr\/dernek\/bizi-nerede-bulabilirsiniz\/binaya-genel-bakis\/"]}]},{"@type":"BreadcrumbList","@id":"https:\/\/www.klarenthal-vbw.de\/tr\/dernek\/bizi-nerede-bulabilirsiniz\/binaya-genel-bakis\/#breadcrumb","itemListElement":[{"@type":"ListItem","position":1,"name":"Startseite","item":"https:\/\/www.klarenthal-vbw.de\/tr\/"},{"@type":"ListItem","position":2,"name":"Dernek","item":"https:\/\/www.klarenthal-vbw.de\/tr\/dernek\/"},{"@type":"ListItem","position":3,"name":"Bizi nerede bulabilirsiniz","item":"https:\/\/www.klarenthal-vbw.de\/tr\/dernek\/bizi-nerede-bulabilirsiniz\/"},{"@type":"ListItem","position":4,"name":"Binaya genel bakış"}]},{"@type":"WebSite","@id":"https:\/\/www.klarenthal-vbw.de\/tr\/#website","url":"https:\/\/www.klarenthal-vbw.de\/tr\/","name":"Volksbildungswerk Klarenthal e.V.","description":"Chancen. Bildung. Perspektiven","publisher":{"@id":"https:\/\/www.klarenthal-vbw.de\/tr\/#organization"},"potentialAction":[{"@type":"SearchAction","target":{"@type":"EntryPoint","urlTemplate":"https:\/\/www.klarenthal-vbw.de\/tr\/?s={search_term_string}"},"query-input":{"@type":"PropertyValueSpecification","valueRequired":true,"valueName":"search_term_string"}}],"inLanguage":"tr"},{"@type":"Organization","@id":"https:\/\/www.klarenthal-vbw.de\/tr\/#organization","name":"Volksbildungswerk Klarenthal e.V.","url":"https:\/\/www.klarenthal-vbw.de\/tr\/","logo":{"@type":"ImageObject","inLanguage":"tr","@id":"https:\/\/www.klarenthal-vbw.de\/tr\/#\/schema\/logo\/image\/","url":"https:\/\/www.klarenthal-vbw.de\/wp-content\/uploads\/2025\/02\/logo.svg","contentUrl":"https:\/\/www.klarenthal-vbw.de\/wp-content\/uploads\/2025\/02\/logo.svg","caption":"Volksbildungswerk Klarenthal e.V."},"image":{"@id":"https:\/\/www.klarenthal-vbw.de\/tr\/#\/schema\/logo\/image\/"}}]}</script>
<!-- / Yoast SEO plugin. -->

Binaya genel bakış - Volksbildungswerk Klarenthal e.V.

Binalarımıza genel bakışı keşfedin: konumlar, binalar ve bölgeler. Bize ihtiyaç duyduğunuz her yerde yanınızdayız.
